{"id":1927,"date":"2025-04-25T08:11:50","date_gmt":"2025-04-25T08:11:50","guid":{"rendered":"https:\/\/garazisanmartin.es\/?post_type=tribe_events&#038;p=1927"},"modified":"2025-04-25T08:12:14","modified_gmt":"2025-04-25T08:12:14","slug":"memoria-escenikoa-langileak","status":"publish","type":"tribe_events","link":"https:\/\/garazisanmartin.es\/eu\/evento\/memoria-escenikoa-langileak\/","title":{"rendered":"Memoria eszenikoa &#8212; Langileak"},"content":{"rendered":"<p>Klandestinak zikloaren zazpigarren saioak emakumeek langile mugimenduan duten parte-hartzea izango du ardatz. Obispado \/ Plaza Sta. Maria la Real Plaza abiatuko gara bisita eta antzerkia.<\/p>\n<p>Bisita gidatuari buruz:<\/p>\n<p>Ane Diez de Ure Uraul historialaria, Berdintasun agentea eta kultur dinamizatzaile feminista da, \u00abEllas. Las mujeres en la historia de Pamplona \u00ab(1998) eta emakumeen hirian zehar ibilbide historikoen bultzatzailea.<br \/>\nBisita gidatuan, arrautzen eta olioaren prezioagatik mundua harritu zuten emakume langileen historia ezagutuko dugu: oinetakoen, orratzaren eta pertzaren langileak zapalkuntzaren aurrean elkartuta.<\/p>\n<p>Ikuskizunari buruz:<\/p>\n<p>MEMORIA ESZENIKOA Maia Ansa eta Garazi San Martin Boj-en proposamena da. Bisitaldi antzeztuak Iru\u00f1eko Alde zaharreko kaleetan zehar hiriaren historia egin duten emakumeetako batzuei bizia ematen die, eta XX.mendeko lehen erdian esanguratsuak izan diren leku batzuk zeharkatzen ditu; emakume langileen topaguneak eta elkar laguntzeko lekuak izandakoak. Hainbat pertsonaiek gidatuko gaituzte memoria eta erresistentzia kolektiboan zehar.<\/p>\n<p>&#8212;&#8212;&#8212;&#8212;&#8212;&#8212;&#8212;&#8212;&#8212;&#8212;&#8212;&#8212;&#8212;&#8212;&#8212;&#8212;&#8212;&#8212;&#8212;&#8212;&#8212;&#8212;&#8212;&#8212;&#8212;&#8212;<\/p>\n<p>(*Evento en euskera)<\/p>\n<p>La s\u00e9ptima sesi\u00f3n del ciclo Klandestinak pondr\u00e1 el foco en la participaci\u00f3n de las mujeres en el movimiento obrero. Esta sesi\u00f3n que partir\u00e1 desde la Plaza Obispado \/ Plaza Sta. Maria la Real y se realizar\u00e1 \u00edntegramente en euskera.<\/p>\n<p>Sobre la visita guiada:<\/p>\n<p>Ane Diez de Ure Uraul es historiadora, agente de Igualdad y dinamizadora cultural feminista, autora del libro \u201cEllas. Las mujeres en la historia de Pamplona\u201d (1998) e impulsora de rutas hist\u00f3ricas por la ciudad de las mujeres.<br \/>\nEn la visita guiada, que partir\u00e1 desde la Plaza de Santiago descubriremos la historia de las trabajadoras que asombraron al mundo por el precio del los huevos y el aceite: obreras del calzado, de la aguja y el caldero unidas frente a la opresi\u00f3n.<\/p>\n<p>Sobre el espect\u00e1culo:<\/p>\n<p>MEMORIA ESZENIKOA es una propuesta de Maia Ansa y Garazi San Martin Boj. Una ruta teatralizada que a lo largo de las calles del Casco antiguo de Iru\u00f1ea da vida a mujeres que han hecho historia de la ciudad y recorre algunos lugares que han sido significativos en la primera mitad del siglo XX; lugares de encuentro y apoyo mutuo entre mujeres obreras de la ciudad. Distintos personajes nos guiar\u00e1n a trav\u00e9s de la memoria y la resistencia colectiva.<\/p>\n","protected":false},"excerpt":{"rendered":"<p>Klandestinak zikloaren zazpigarren saioak emakumeek langile mugimenduan duten parte-hartzea izango du ardatz. Obispado \/ Plaza Sta. Maria la Real Plaza abiatuko gara bisita eta antzerkia. Bisita gidatuari buruz: Ane Diez [&hellip;]<\/p>\n","protected":false},"author":1,"featured_media":0,"comment_status":"open","ping_status":"closed","template":"","meta":{"rank_math_lock_modified_date":false,"_tribe_events_status":"","_tribe_events_status_reason":""},"tags":[],"tribe_events_cat":[],"_links":{"self":[{"href":"https:\/\/garazisanmartin.es\/eu\/wp-json\/wp\/v2\/tribe_events\/1927"}],"collection":[{"href":"https:\/\/garazisanmartin.es\/eu\/wp-json\/wp\/v2\/tribe_events"}],"about":[{"href":"https:\/\/garazisanmartin.es\/eu\/wp-json\/wp\/v2\/types\/tribe_events"}],"author":[{"embeddable":true,"href":"https:\/\/garazisanmartin.es\/eu\/wp-json\/wp\/v2\/users\/1"}],"replies":[{"embeddable":true,"href":"https:\/\/garazisanmartin.es\/eu\/wp-json\/wp\/v2\/comments?post=1927"}],"version-history":[{"count":2,"href":"https:\/\/garazisanmartin.es\/eu\/wp-json\/wp\/v2\/tribe_events\/1927\/revisions"}],"predecessor-version":[{"id":1931,"href":"https:\/\/garazisanmartin.es\/eu\/wp-json\/wp\/v2\/tribe_events\/1927\/revisions\/1931"}],"wp:attachment":[{"href":"https:\/\/garazisanmartin.es\/eu\/wp-json\/wp\/v2\/media?parent=1927"}],"wp:term":[{"taxonomy":"post_tag","embeddable":true,"href":"https:\/\/garazisanmartin.es\/eu\/wp-json\/wp\/v2\/tags?post=1927"},{"taxonomy":"tribe_events_cat","embeddable":true,"href":"https:\/\/garazisanmartin.es\/eu\/wp-json\/wp\/v2\/tribe_events_cat?post=1927"}],"curies":[{"name":"wp","href":"https:\/\/api.w.org\/{rel}","templated":true}]}}

<p>Klandestinak zikloaren zazpigarren saioak emakumeek langile mugimenduan duten parte-hartzea izango du ardatz. Obispado / Plaza Sta. Maria la Real Plaza abiatuko gara bisita eta antzerkia.</p>
<p>Bisita gidatuari buruz:</p>
<p>Ane Diez de Ure Uraul historialaria, Berdintasun agentea eta kultur dinamizatzaile feminista da, «Ellas. Las mujeres en la historia de Pamplona «(1998) eta emakumeen hirian zehar ibilbide historikoen bultzatzailea.<br />
Bisita gidatuan, arrautzen eta olioaren prezioagatik mundua harritu zuten emakume langileen historia ezagutuko dugu: oinetakoen, orratzaren eta pertzaren langileak zapalkuntzaren aurrean elkartuta.</p>
<p>Ikuskizunari buruz:</p>
<p>MEMORIA ESZENIKOA Maia Ansa eta Garazi San Martin Boj-en proposamena da. Bisitaldi antzeztuak Iruñeko Alde zaharreko kaleetan zehar hiriaren historia egin duten emakumeetako batzuei bizia ematen die, eta XX.mendeko lehen erdian esanguratsuak izan diren leku batzuk zeharkatzen ditu; emakume langileen topaguneak eta elkar laguntzeko lekuak izandakoak. Hainbat pertsonaiek gidatuko gaituzte memoria eta erresistentzia kolektiboan zehar.</p>
<p>&#8212;&#8212;&#8212;&#8212;&#8212;&#8212;&#8212;&#8212;&#8212;&#8212;&#8212;&#8212;&#8212;&#8212;&#8212;&#8212;&#8212;&#8212;&#8212;&#8212;&#8212;&#8212;&#8212;&#8212;&#8212;&#8212;</p>
<p>(*Evento en euskera)</p>
<p>La séptima sesión del ciclo Klandestinak pondrá el foco en la participación de las mujeres en el movimiento obrero. Esta sesión que partirá desde la Plaza Obispado / Plaza Sta. Maria la Real y se realizará íntegramente en euskera.</p>
<p>Sobre la visita guiada:</p>
<p>Ane Diez de Ure Uraul es historiadora, agente de Igualdad y dinamizadora cultural feminista, autora del libro “Ellas. Las mujeres en la historia de Pamplona” (1998) e impulsora de rutas históricas por la ciudad de las mujeres.<br />
En la visita guiada, que partirá desde la Plaza de Santiago descubriremos la historia de las trabajadoras que asombraron al mundo por el precio del los huevos y el aceite: obreras del calzado, de la aguja y el caldero unidas frente a la opresión.</p>
<p>Sobre el espectáculo:</p>
<p>MEMORIA ESZENIKOA es una propuesta de Maia Ansa y Garazi San Martin Boj. Una ruta teatralizada que a lo largo de las calles del Casco antiguo de Iruñea da vida a mujeres que han hecho historia de la ciudad y recorre algunos lugares que han sido significativos en la primera mitad del siglo XX; lugares de encuentro y apoyo mutuo entre mujeres obreras de la ciudad. Distintos personajes nos guiarán a través de la memoria y la resistencia colectiva.</p>
